 -101110001 (base 2) in base 10?
-369
What is 11000011100010 (base 2) in base 16?
30e2
-152213 (base 6) to base 5
-433034
1006 (base 7) to base 16
15d
221011 (base 3) to base 8
1247
What is 224 (base 11) in base 12?
1a4
Convert -2121112001 (base 3) to base 10.
-51409
What is 23341 (base 5) in base 7?
5006
What is -353 (base 14) in base 2?
-1010010101
Convert -2062 (base 7) to base 13.
-442
-623 (base 10) to base 11
-517
What is -1451 (base 11) in base 14?
-979
Convert -1cc8b (base 14) to base 9.
-122231
-e011 (base 16) to base 6
-1121321
Convert 5635 (base 7) to base 10.
2035
Convert 25c0 (base 14) to base 13.
3036
Convert 10111000 (base 2) to base 4.
2320
39d (base 15) to base 3
1010111
Convert 1752 (base 10) to base 4.
123120
Convert 949 (base 15) to base 6.
13410
Convert -130 (base 12) to base 16.
-b4
Convert -6b13 (base 15) to base 10.
-22743
2251 (base 11) to base 14
1116
What is 3bb0 (base 13) in base 11?
6502
444 (base 7) to base 13
147
Convert -120 (base 16) to base 6.
-1200
Convert -169 (base 15) to base 6.
-1300
What is -5541 (base 15) in base 11?
-1262a
What is 4522 (base 6) in base 9?
1405
Convert -ccc (base 16) to base 5.
-101101
-158 (base 16) to base 9
-422
Convert -114367 (base 9) to base 13.
-25438
1100110110 (base 2) to base 13
4b3
What is 563 (base 10) in base 7?
1433
-351 (base 12) to base 3
-200021
What is 822 (base 11) in base 2?
1111100000
-3143 (base 9) to base 5
-33212
2212110 (base 3) to base 9
2773
c6 (base 16) to base 2
11000110
eb1 (base 15) to base 13
1681
What is -17b3 (base 16) in base 15?
-1be7
Convert 1cb1 (base 13) to base 4.
1010101
Convert -2443 (base 5) to base 11.
-30a
-1156 (base 7) to base 9
-531
Convert 103333301 (base 4) to base 2.
10011111111110001
What is -1100101110110100 (base 2) in base 7?
-305015
3170 (base 11) to base 14
1755
Convert -110 (base 12) to base 14.
-b2
Convert 1103222 (base 4) to base 8.
12352
What is 1238 (base 12) in base 9?
2738
What is 100123033 (base 4) in base 3?
10102021211
-52520 (base 8) to base 14
-7d60
Convert 50035 (base 9) to base 15.
9ae2
Convert -2a10 (base 12) to base 6.
-34420
What is 5403 (base 7) in base 5?
30124
3202 (base 10) to base 7
12223
Convert 580 (base 14) to base 9.
1443
-b45 (base 15) to base 4
-213230
What is 33 (base 14) in base 2?
101101
Convert -124231 (base 5) to base 9.
-6700
-348 (base 15) to base 3
-1000112
2131412 (base 5) to base 13
137b4
What is 1061 (base 14) in base 8?
5415
-1244433 (base 5) to base 14
-9173
What is -b96a (base 13) in base 14?
-9572
-9706 (base 12) to base 11
-114a0
Convert 312 (base 16) to base 8.
1422
What is -202100 (base 3) in base 10?
-549
5502 (base 8) to base 14
109c
316 (base 13) to base 11
439
What is 200442 (base 6) in base 3?
210120022
Convert -203224 (base 5) to base 8.
-15041
Convert -110011 (base 4) to base 2.
-10100000101
Convert -379 (base 12) to base 4.
-20031
Convert -6d57 (base 16) to base 8.
-66527
-1111100000 (base 2) to base 6
-4332
2100202 (base 3) to base 9
2322
What is 671 (base 15) in base 10?
1456
-14969 (base 13) to base 2
-1001100000101101
What is 1449 (base 13) in base 10?
2934
-a0b1 (base 16) to base 10
-41137
25455 (base 6) to base 2
111100001011
-100001110 (base 2) to base 9
-330
What is 12430 (base 5) in base 12?
6a6
4b64 (base 13) to base 2
10100111101001
Convert 40533 (base 6) to base 15.
18e0
Convert -6062 (base 15) to base 8.
-47566
What is -20222131 (base 4) in base 16?
-8a9d
What is 20000 (base 3) in base 14?
b8
Convert 1a22 (base 15) to base 13.
2762
What is -a56 (base 14) in base 13?
-c08
What is 13202 (base 5) in base 14?
552
2172 (base 12) to base 15
115b
What is 270a3 (base 11) in base 14?
10172
What is 76c2 (base 14) in base 16?
504a
-1c1 (base 14) to base 13
-221
Convert -189a9 (base 12) to base 5.
-2122420
Convert 1110001111011 (base 2) to base 15.
2261
418 (base 10) to base 13
262
What is 2748 (base 10) in base 9?
3683
Convert -1377 (base 10) to base 2.
-10101100001
Convert -10110110 (base 2) to base 16.
-b6
Convert 7401 (base 8) to base 3.
12021021
-2100023 (base 4) to base 15
-2b02
1102202 (base 4) to base 11
3a72
What is -101131 (base 4) in base 5?
-13432
1032 (base 11) to base 5
20431
What is 5c63 (base 13) in base 5?
404334
Convert 1024 (base 10) to base 9.
1357
Convert -414 (base 12) to base 4.
-21100
What is 130111 (base 4) in base 14?
937
-be1f (base 16) to base 9
-73678
Convert 8753 (base 9) to base 8.
14457
Convert -100100010100101 (base 2) to base 3.
-221111210
-1433 (base 6) to base 9
-463
Convert 28d9 (base 15) to base 12.
5096
32302 (base 4) to base 6
4214
What is -b520 (base 16) in base 8?
-132440
Convert -3966 (base 13) to base 9.
-12216
What is 326 (base 16) in base 14?
418
-24d (base 14) to base 16
-1cd
What is -24310 (base 5) in base 8?
-3446
What is -130 (base 13) in base 11?
-17a
What is 206 (base 8) in base 12?
b2
What is -10030 (base 4) in base 6?
-1124
What is -b9 (base 13) in base 4?
-2120
Convert 1424 (base 10) to base 12.
9a8
2808 (base 13) to base 3
21220010
Convert -303 (base 12) to base 14.
-231
What is 2634 (base 7) in base 4?
33231
What is 1402020 (base 5) in base 13?
cbc6
-100000000111110 (base 2) to base 13
-7641
-33102311 (base 4) to base 14
-18b89
-3739 (base 11) to base 5
-124012
-10111122 (base 3) to base 8
-4773
What is 8696 (base 12) in base 13?
6978
What is 10001110011111 (base 2) in base 10?
9119
Convert -2313110 (base 4) to base 5.
-333412
What is -42413 (base 6) in base 16?
-1689
1966 (base 11) to base 5
34432
-4067 (base 8) to base 15
-953
Convert -134650 (base 7) to base 16.
-646f
2199 (base 10) to base 6
14103
What is 548 (base 9) in base 10?
449
Convert 31644 (base 12) to base 9.
107857
What is -6604 (base 8) in base 7?
-13042
-120111120 (base 3) to base 9
-16446
Convert 12102 (base 3) to base 11.
123
Convert -1355 (base 8) to base 11.
-621
Convert 211202 (base 3) to base 11.
509
What is -57b (base 13) in base 4?
-32303
Convert -622 (base 12) to base 3.
-1012222
Convert -35 (base 11) to base 7.
-53
Convert -4320 (base 5) to base 7.
-1464
Convert -203020 (base 4) to base 3.
-10002021
What is -b080 (base 12) in base 8?
-45240
-2052 (base 12) to base 14
-13d4
10321032 (base 4) to base 7
112305
Convert 14312 (base 5) to base 2.
10010110111
240340 (base 5) to base 11
6711
2b84 (base 14) to base 9
11572
What is -5413 (base 7) in base 15?
-881
Convert -1658 (base 9) to base 11.
-a53
Convert -1001011200 (base 3) to base 13.
-946b
111c (base 15) to base 16
e2b
What is -41223 (base 5) in base 9?
-3616
What is -2421 (base 5) in base 2?
-101101001
19a1 (base 11) to base 6
15415
What is -211012212 (base 3) in base 8?
-37504
What is 100221 (base 4) in base 8?
2051
Convert 10795 (base 11) to base 2.
11110011101000
-42c3 (base 14) to base 16
-2d13
What is 1111101010111 (base 2) in base 14?
2cd1
What is 31650 (base 7) in base 16?
1ec3
-140101 (base 5) to base 7
-22322
-532 (base 11) to base 10
-640
What is -1591 (base 14) in base 9?
-5248
1011110010000 (base 2) to base 11
4594
-313342 (base 5) to base 9
-15325
What is -365d (base 14) in base 9?
-14015
What is -d9 (base 16) in base 4?
-3121
835a (base 14) to base 15
6a80
-12110 (base 6) to base 14
-906
-3b2 (base 12) to base 15
-27b
What is -16 (base 7) in base 2?
-1101
Convert -1111000100110000 (base 2) to base 8.
-170460
What is -30245 (base 6) in base 4?
-332111
21020 (base 6) to base 14
1056
-757 (base 9) to base 8
-1153
302301 (base 5) to base 2
10010111100101
-66001 (base 7) to base 13
-7657
-101101111 (base 2) to base 3
-111121
What is -10467 (base 15) in base 7?
-303334
Convert -125 (base 15) to base 7.
-521
23832 (base 10) to base 11
169a6
19c (base 14) to base 4
11032
Convert 6ca (base 14) to base 12.
94a
What is 807 (base 15) in base 13?
a90
1013 (base 12) to base 15
7b3
Convert 8098 (base 10) to base 14.
2d46
What is -1227 (base 8) in base 4?
-22113
-11101110100010 (base 2) to base 14
-57c6
What is -6558 (base 9) in base 10?
-4832
What is -320060 (base 7) in base 3?
-2210210212
Convert 115 (base 10) to base 16.
73
Convert -11012101 (base 3) to base 16.
-bf5
What is 2c2c (base 16) in base 13?
51bb
What is -1dde (base 15) in base 2?
-1100101101101
-37b3 (base 14) to base 3
-111101112
24a (base 16) to base 2
1001001010
Convert 29419 (base 10) to base 4.
13023223
What is -1100 (base 